se
Suppose 4*r = -3*c + 2872, -151*c + 3*r - 2874 = -154*c. Is 32 a factor of c?
True
Let x(y) = -y + 58*y**2 + 3 - 2 + 2*y. Let z be x(-1). Suppose 0*r - 105 = -5*r - 5*k, -2*r + z = -2*k. Is 14 a factor of r?
False
Let q = 1 + -17. Let k = -7 - q. Is 9 a factor of k?
True
Let w be 10*(-2 - 35/(-10)). Let k be 4/(-2 + -2)*w. Let b = -11 - k. Is b a multiple of 4?
True
Let t(z) = 2*z**2 + 10*z + 14. Let p be t(-11). Suppose 4*d - p = 22. Suppose -3*q + 0*q = -d. Is 5 a factor of q?
False
Suppose -20 = -q + 10. Suppose j = q + 36. Does 22 divide j?
True
Suppose -b + 255 = 3*o, 0 = 5*b + 5*o - 467 - 808. Is b a multiple of 17?
True
Let w(c) = -c**3 + 11*c**2 - 9*c - 4. Let n be w(10). Suppose s - 10 = -n. Suppose 262 = s*a - l, 4*l + 201 = 4*a - 67. Is a a multiple of 13?
True
Suppose -59 = -9*z + 139. Suppose -3*d + z = -3*b + 142, b - 25 = -2*d. Does 8 divide b?
False
Let n = -179 - -316. Does 4 divide n?
False
Suppose -3*i + 6*i = 42. Let k be (-4)/i - 69/(-21). Suppose -4*t - 4*u = -100, -23 = -2*t + k*u + 7. Is t a multiple of 21?
True
Suppose 2*b + 4 = 6*b. Let j(z) = 10*z**3 - z**2 + z. Does 3 divide j(b)?
False
Suppose 8*r - 7*r + 1030 = f, -3*r - 1036 = -f. Is 79 a factor of f?
True
Suppose -4*s + 4*x = -52, -3*s + 67 = 7*x - 3*x. Let b(v) = -2 - s*v**2 - v - 16*v**2 - 6 + 35*v**2. Is 19 a factor of b(6)?
False
Let z(i) be the second derivative of -i**6/360 - i**5/120 + i**4/4 - 5*i**3/6 - 7*i. Let s(o) be the second derivative of z(o). Is 2 a factor of s(0)?
True
Let y(a) = 17*a**3 + a**2 - 1. Let i be y(1). Suppose -4*q + 0*q + 5*z + 105 = 0, -24 = -q + 2*z. Let k = q - i. Is 6 a factor of k?
False
Suppose 0 = -5*x + k + 16, -3*k + 12 = 5*x - 5*k. Suppose 0 = b - x*b + 9. Suppose 152 = 5*y - h, 2*y - b*h - 36 = y. Does 8 divide y?
False
Is 7 a factor of (-2723)/(-8) - (-36)/(-96)?
False
Let y(q) = -q + 19. Let b be (-9*2)/(0 - 2). Let g be y(b). Let s(w) = w + 8. Is s(g) a multiple of 6?
True
Let p = 3955 + -1387. Is p a multiple of 34?
False
Suppose 151*z - 157*z = -4032. Does 16 divide z?
True
Suppose -38*m + 150 = -32*m. Is 25 a factor of m?
True
Let u(g) = 2*g**2 - 6*g - 7. Let p be u(5). Suppose -4*a + 7 = -p. Does 21 divide 2 - a - (3 + -69)?
True
Suppose -5*u = -2*y - 53, u - 5*y = -0*u + 29. Suppose -o + u*o = 576. Is 18 a factor of o?
True
Let n be 13/65*0/1. Let c = -34 - -64. Suppose n*t + t = c. Is t a multiple of 20?
False
Suppose -3*h = 6, 0 = 5*i + 5*h - 0*h - 1305. Suppose -7*p + i = -115. Is 27 a factor of p?
True
Suppose 5*l = -4*g + 7738, 14*l - 9*l + 9650 = 5*g. Is g a multiple of 28?
True
Let d be 0 - 1*4/(-4). Is 42 a factor of (-12 + 14)/(d/68)?
False
Suppose 3*x = -4*q + 321, -2*q = -q - 3*x - 69. Let k = 377 - q. Is 35 a factor of k?
False
Let m(w) be the first derivative of w**4/12 + 4*w**3/3 - 7*w**2/2 - 6*w + 3. Let v(d) be the first derivative of m(d). Is 16 a factor of v(-11)?
False
Let u be (-90)/(-36)*6/5. Suppose -i - 2*i + u*s = -15, 3*i - 15 = 4*s. Suppose -3*f - 95 = -5*n, -i*n + 3*n = -3*f - 47. Is n a multiple of 4?
True
Let h(y) = 7 + 3*y + 0*y**2 + 8*y + 5*y - 3*y**2. Is 12 a factor of h(5)?
True
Let h(z) = -z**3 + 45*z**2 + 94*z + 22. Is 4 a factor of h(47)?
False
Let w(u) = -u**3 - u**2 - 18*u - 22. Does 27 divide w(-6)?
False
Suppose 2*l + 0 = 4. Suppose -6 = -0*w - l*w. Is 5 a factor of (-6 + w)*(-40)/6?
True
Suppose 2*q - 5*k = -45, 5*k - 23 - 2 = 0. Let o(r) = -r**2 - 10*r + 24. Is o(q) a multiple of 11?
False
Suppose -3*s + 20412 = 15*s. Does 19 divide s?
False
Let n(l) = 3*l**3 - 2*l**2 + 2*l - 2. Let p = -29 - -43. Suppose d - 2*q + p = 2*q, q + 2 = 3*d. Is n(d) a multiple of 9?
True
Let w = -64 - -116. Let q = w + -32. Is 14 a factor of q?
False
Let y(x) = -3*x**2 + 3*x - 3. Let v be y(2). Let c = -8 - v. Is 8 a factor of c + (-3 - (-72)/4)?
True
Does 25 divide 37812/30 - 4*5/50?
False
Suppose 0 = 2*h + 17 - 101. Does 2 divide h?
True
Let x = 117 + 118. Is x a multiple of 5?
True
Let v be ((-2)/8)/((-10)/200). Suppose 4*y - 877 = v*f, -3*f = -2*y - 3*y + 1106. Suppose 67 = -6*h + y. Is h a multiple of 13?
True
Let h = 2476 - 1441. Suppose 10*q + h = 15*q. Is 23 a factor of q?
True
Let i(u) = -25*u - 365. Does 20 divide i(-21)?
True
Suppose -2*b + 186 = 2*d - 522, -4*d - b + 1404 = 0. Is d a multiple of 35?
True
Let p be 46/161*(-1 - -8). Suppose p*j + 3*d - 49 = 0, 5*d - 135 = -3*j - 2*j. Does 8 divide j?
True
Let v = 21 - 19. Let x(y) = 38*y**2 - 2. Let l be x(v). Suppose 3*h + 3*w = -h + l, -5*w + 46 = h. Is h a multiple of 11?
False
Let b = -11 - -13. Let k be (b + (-56 - -2))/(-2). Does 26 divide (0 + k)/((-12)/(-24))?
True
Let i = -1789 + 3106. Does 112 divide i?
False
Let r = 35 + 456. Is r a multiple of 23?
False
Let z = 85 - 82. Suppose 0*o = -3*o - z*i + 1002, -1364 = -4*o + 3*i. Is 26 a factor of o?
True
Suppose j = 2*s - s - 1, 3*s - 13 = -2*j. Suppose 3*d - 12 = -j*r, -2*r - 4*d = -9 - 5. Suppose q = 5*t - 241, t - 159 = -2*t - r*q. Is t a multiple of 14?
False
Suppose 10458 + 20692 = 7*l. Is l a multiple of 50?
True
Let s = 2 - -3. Suppose 3 = f - l - 9, s*l = f - 24. Suppose q = f + 39. Is q a multiple of 16?
True
Let t be 1 + 1 + 1 + 1. Let w = 5 - t. Let u(c) = 6*c - 1. Is u(w) even?
False
Let r(b) = -8*b + 6. Suppose -2*y = -y + 19. Let s = y - -9. Is r(s) a multiple of 21?
False
Is 472 + 49*2/14 a multiple of 5?
False
Suppose y - 6 = 3*i, 2*y + 2 + 31 = -3*i. Is (221/39)/((-1)/y) a multiple of 17?
True
Suppose -w - 3*m = -1911, -5*w = 4*m + 850 - 10438. Let z be w/108 - (-2)/9. Let v = z + 6. Is v a multiple of 12?
True
Let d be 12/21 + (-460)/(-28). Let z = d - 7. Suppose z*y - 188 = 6*y. Does 15 divide y?
False
Let x(l) = 42*l**2 + 2*l - 1. Let z be x(3). Suppose 28 + z = -3*h. Let a = h - -237. Does 20 divide a?
True
Let r = 69 - 68. Is 27 a factor of r*149 - (5/5 - -2)?
False
Let f = 39 - 35. Suppose 0 = -4*c + 3*c + f*p + 156, 5 = 5*p. Is 32 a factor of c?
True
Suppose 30*m - 171 - 189 = 0. Does 12 divide m?
True
Let w be 4/(-26) - 6088/(-26). Suppose 4*f - g + 0*g = -321, 3*f - 3*g + w = 0. Let l = f - -121. Is 8 a factor of l?
True
Let w be -5*((-48)/(-10) + -3). Let i(c) = c**2 - c - 21. Is 14 a factor of i(w)?
False
Suppose -4*b + 2*v + 1095 = 5*v, 2*b - 2*v - 544 = 0. Is 21 a factor of b?
True
Suppose -62 = -y + m, 2*m + 3 - 59 = -y. Suppose 21*l = 16*l + y. Does 3 divide l?
True
Let f = 10 - 8. Suppose -7*v + 4*v = 18. Is 29 a factor of 4/f*(-123)/v?
False
Let u = 1686 - 200. Is 14 a factor of u?
False
Let f be ((-214)/(-6))/(4/12). Suppose -118 = 5*h + 197. Let r = f + h. Is r a multiple of 22?
True
Suppose 3*h - 2 = -14, -4*f - h = -108. Suppose 6 = -2*c + 2*w, -3*c + 10 = 4*w - 2. Suppose c*o = 4*o - f. Does 5 divide o?
False
Let b(g) = 25*g**2 + 7*g - 53. Does 8 divide b(5)?
False
Suppose 2*l = -3*l + 45. Let w be (-28)/3 + 10/(-15). Is 5 a factor of (w + l)/((-1)/13)?
False
Suppose -q = n + n + 85, -2*q + 4*n = 194. Is (-4292)/(-13) + 14/q a multiple of 15?
True
Let i = -253 + 453. Suppose f + 50 = -3*v - 2*v, 0 = 4*f + 5*v + i. Let c = f + 91. Is c a multiple of 9?
False
Let n(i) be the first derivative of 6*i**2 + 15*i - 25. Is n(5) a multiple of 25?
True
Suppose 3*b - 8 - 1 = 0, -3*a + 5*b - 144 = 0. Let o = -8 - a. Is 6 a factor of o?
False
Suppose -5*v + 4*k + 956 = -v, k - 1225 = -5*v. Suppose 4*r - 2*f - v = 2*r, -3*r = -2*f - 369. Suppose r = 5*p + 2*w, 2*p - 2*w = -p + 91. Does 21 divide p?
False
Let d(k) = -k**3 + 14*k**2 - 16*k - 27. Is 14 a factor of d(11)?
False
Let g be -6*((-9)/(-3))/(-3). Suppose g*k - 38 = 40. Does 13 divide k?
True
Let c be 406*(4 + 14/(-4)). Let x = c + -67. Does 29 divide x?
False
Is ((-325)/(-78))/(-5)*(-2634 + 0) a multiple of 39?
False
Suppose -16955 = -11*x + 7124. Is 37 a factor of x?
False
Let q(u) = -7*u**2 + 3*u. Let x be q(2). Let g be 14/21*1110/(-20). Let i = x - g. Is 4 a factor of i?
False
Suppose 0 = -6*k + 157 + 77. Suppose -3*m + 4*c + k = 0, 0*m + 3*c - 27 = -4*m. Is 9 a factor of m?
True
Let l(r) = -8*r + 15. Let a(u) = -7*u + 16. Let z(x) = -3*a(x) + 2*l(x). Is 11 a factor of z(8)?
True
Suppose f - 3*q + 11 - 46 = 0, -2*f + 62 = -2*q. Let d = f - 17. Is 11 a factor of d?
False
Let a(h) = h**2 - 7*h - 1. Let z(n) = 14*n + 4 - 7*n - 7*n - n**2. Let o be z(3). Is a(o) a multiple of 25?
False
Let